{"id":151856,"date":"2025-11-19T13:18:20","date_gmt":"2025-11-19T12:18:20","guid":{"rendered":"https:\/\/www.dekolonialestadtfuehrung.de\/?post_type=product&#038;p=151856"},"modified":"2025-11-19T13:26:38","modified_gmt":"2025-11-19T12:26:38","slug":"libro-para-colorear-sobre-los-negros-en-la-epoca-nazi","status":"publish","type":"product","link":"https:\/\/www.dekolonialestadtfuehrung.de\/es\/produkt\/coloring-book-about-black-people-during-the-nazi-era\/","title":{"rendered":"Libro para colorear sobre los negros durante el nazismo"},"content":{"rendered":"<p>El libro para colorear sobre la historia de los negros alemanes es m\u00e1s que un simple libro para colorear descargable: es un proyecto de aprendizaje y recuerdo. De forma creativa y adaptada a los ni\u00f1os, cuenta las historias a menudo olvidadas de los negros que vivieron en Alemania hasta 1945, historias llenas de coraje, fuerza y esperanza.<\/p>\n<p>En este libro, los ni\u00f1os se encuentran con ocho personalidades extraordinarias como Martin Dibobe, Josefa Boholle y Lari Gilges, que siguieron su propio camino e hicieron historia a pesar de la discriminaci\u00f3n durante la \u00e9poca nazi.<\/p>\n<p>Aprenden qu\u00e9 profesiones ejercieron los protagonistas, lo que les inspira a la hora de colorear.<\/p>\n<p>El libro para colorear es adecuado para ni\u00f1os a partir de 5 a\u00f1os.<\/p>\n<p>\ud83d\udca1 Ideal para:<br \/>\nProfesores que deseen abordar con viveza temas como la historia colonial, el racismo, la cultura del recuerdo o la diversidad en el aula.<\/p>\n<p>Padres que quieren ense\u00f1ar historia a sus hijos de forma creativa, cari\u00f1osa e integradora.<\/p>\n<p>O como idea de regalo.<\/p>\n<p>\ud83d\udd8d\ufe0f Lo que ofrece el libro para colorear:<br \/>\nRetratos y breves biograf\u00edas de inspiradoras personalidades negras de la historia alemana.<\/p>\n<p>Textos f\u00e1ciles de entender, adecuados para ni\u00f1os a partir de 8 a\u00f1os.<\/p>\n<p>Espacio para colorear, descubrir y reflexionar.<\/p>\n<p>Una introducci\u00f3n f\u00e1cil a temas como la igualdad, el valor y el coraje moral.<\/p>\n<p>\u2728 Por qu\u00e9 es importante este libro<br \/>\nEste libro para colorear hace visible la historia que a menudo permanece invisible. Fomenta el pensamiento cr\u00edtico, la empat\u00eda y la conciencia cultural, y demuestra que todas las historias cuentan.<\/p>\n<p>Juntos, damos forma a la memoria: colorida, diversa y vibrante.<br \/>\n\ud83d\udc49 \u00a1P\u00eddelo ahora y descubre la historia de la Alemania negra con tus hijos!<\/p>","protected":false},"excerpt":{"rendered":"<p>Un creativo libro para colorear que da vida a la historia.<br \/>\nLos ni\u00f1os descubren inspiradoras personalidades negras que vivieron en Alemania:<\/p>\n<p>Artistas valientes, activistas y pioneros.<br \/>\nMientras colorean, aprenden sobre sus profesiones y tienen la oportunidad de dar vida con el color a historias olvidadas.<\/p>\n<p>El libro para colorear es adecuado para ni\u00f1os a partir de 5 a\u00f1os.<\/p>\n<p>Perfecto para escuelas, aulas y hogares: para aprender, recordar e inspirar.<\/p>","protected":false},"featured_media":151857,"comment_status":"open","ping_status":"closed","template":"","meta":{"_acf_changed":false},"product_brand":[],"product_cat":[356,369],"product_tag":[],"class_list":{"0":"post-151856","1":"product","2":"type-product","3":"status-publish","4":"has-post-thumbnail","6":"product_cat-simple-product","7":"product_cat-digitale-produkte","9":"first","10":"instock","11":"downloadable","12":"virtual","13":"taxable","14":"purchasable","15":"product-type-simple"},"booking_location":null,"booking_location_type":null,"booking_duration":null,"booking_duration_unit":null,"booking_buffer":null,"booking_cost":null,"booking_resources":null,"acf":[],"aioseo_notices":[],"_links":{"self":[{"href":"https:\/\/www.dekolonialestadtfuehrung.de\/es\/wp-json\/wp\/v2\/product\/151856","targetHints":{"allow":["GET"]}}],"collection":[{"href":"https:\/\/www.dekolonialestadtfuehrung.de\/es\/wp-json\/wp\/v2\/product"}],"about":[{"href":"https:\/\/www.dekolonialestadtfuehrung.de\/es\/wp-json\/wp\/v2\/types\/product"}],"replies":[{"embeddable":true,"href":"https:\/\/www.dekolonialestadtfuehrung.de\/es\/wp-json\/wp\/v2\/comments?post=151856"}],"wp:featuredmedia":[{"embeddable":true,"href":"https:\/\/www.dekolonialestadtfuehrung.de\/es\/wp-json\/wp\/v2\/media\/151857"}],"wp:attachment":[{"href":"https:\/\/www.dekolonialestadtfuehrung.de\/es\/wp-json\/wp\/v2\/media?parent=151856"}],"wp:term":[{"taxonomy":"product_brand","embeddable":true,"href":"https:\/\/www.dekolonialestadtfuehrung.de\/es\/wp-json\/wp\/v2\/product_brand?post=151856"},{"taxonomy":"product_cat","embeddable":true,"href":"https:\/\/www.dekolonialestadtfuehrung.de\/es\/wp-json\/wp\/v2\/product_cat?post=151856"},{"taxonomy":"product_tag","embeddable":true,"href":"https:\/\/www.dekolonialestadtfuehrung.de\/es\/wp-json\/wp\/v2\/product_tag?post=151856"}],"curies":[{"name":"wp","href":"https:\/\/api.w.org\/{rel}","templated":true}]}}

<p>El libro para colorear sobre la historia de los negros alemanes es más que un simple libro para colorear descargable: es un proyecto de aprendizaje y recuerdo. De forma creativa y adaptada a los niños, cuenta las historias a menudo olvidadas de los negros que vivieron en Alemania hasta 1945, historias llenas de coraje, fuerza y esperanza.</p>
<p>En este libro, los niños se encuentran con ocho personalidades extraordinarias como Martin Dibobe, Josefa Boholle y Lari Gilges, que siguieron su propio camino e hicieron historia a pesar de la discriminación durante la época nazi.</p>
<p>Aprenden qué profesiones ejercieron los protagonistas, lo que les inspira a la hora de colorear.</p>
<p>El libro para colorear es adecuado para niños a partir de 5 años.</p>
<p>💡 Ideal para:<br />
Profesores que deseen abordar con viveza temas como la historia colonial, el racismo, la cultura del recuerdo o la diversidad en el aula.</p>
<p>Padres que quieren enseñar historia a sus hijos de forma creativa, cariñosa e integradora.</p>
<p>O como idea de regalo.</p>
<p>🖍️ Lo que ofrece el libro para colorear:<br />
Retratos y breves biografías de inspiradoras personalidades negras de la historia alemana.</p>
<p>Textos fáciles de entender, adecuados para niños a partir de 8 años.</p>
<p>Espacio para colorear, descubrir y reflexionar.</p>
<p>Una introducción fácil a temas como la igualdad, el valor y el coraje moral.</p>
<p>✨ Por qué es importante este libro<br />
Este libro para colorear hace visible la historia que a menudo permanece invisible. Fomenta el pensamiento crítico, la empatía y la conciencia cultural, y demuestra que todas las historias cuentan.</p>
<p>Juntos, damos forma a la memoria: colorida, diversa y vibrante.<br />
👉 ¡Pídelo ahora y descubre la historia de la Alemania negra con tus hijos!</p>

<p>Un creativo libro para colorear que da vida a la historia.<br />
Los niños descubren inspiradoras personalidades negras que vivieron en Alemania:</p>
<p>Artistas valientes, activistas y pioneros.<br />
Mientras colorean, aprenden sobre sus profesiones y tienen la oportunidad de dar vida con el color a historias olvidadas.</p>
<p>El libro para colorear es adecuado para niños a partir de 5 años.</p>
<p>Perfecto para escuelas, aulas y hogares: para aprender, recordar e inspirar.</p>
